+ 2*z + 4*b. What is the units digit of z?
3
Let z = -48167 - -71695. What is the tens digit of z?
2
Let g(q) = 312*q**3 + 41*q**2 - 157*q - 33. What is the ten thousands digit of g(4)?
1
Let p(c) = c**2 + 122*c - 779. What is the ten thousands digit of p(139)?
3
Let l = 718 + -713. Suppose -l*k + 3*v + 2*v = -3390, -v + 684 = k. What is the units digit of k?
1
Let p(t) = 322*t - 1962. What is the thousands digit of p(35)?
9
Let w(o) = -120 - 4*o**2 + 0*o**2 + 105 + o**3 + 8*o - o**2. Let q be (-4)/(-1) - (-2 + 0). What is the units digit of w(q)?
9
What is the thousands digit of (495 - 465)*(1 - 6465/(-6))?
2
What is the units digit of (9116/424)/((-1)/(-6)*1/131)?
9
Let a(o) = -o**3 - 14*o**2 - 10*o + 41. Let j be a(-13). Let d(p) = -p**j - 8 + 8*p - 22 + p**3 + 18*p**2 + 4. What is the tens digit of d(-15)?
0
Let b = 518 + -514. Suppose -b*z = -8*z - 5*y + 3983, -y - 1007 = -z. What is the hundreds digit of z?
0
Suppose 4*a + 1250 = -6*a. What is the hundreds digit of 2/25 + (-4 - 177990/a)?
4
Let z(r) = -r**3 + 24*r**2 - 43*r + 26. Suppose 0 = 14*h - 303 + 9. What is the hundreds digit of z(h)?
4
Suppose -3*a + 3*y + 15 = 0, -a - 3*y + 6 = 3*a. Suppose -2*s + 4*f - 18 = a*f, -28 = 2*s + 4*f. What is the tens digit of 4/s + 2448/120?
2
Let u(y) = -37*y**3 - 18*y**2 + 52*y + 31. What is the units digit of u(-10)?
1
Suppose -905316 - 424700 = -69*x + 640003. What is the hundreds digit of x?
5
Let c(u) = u**3 + 22*u**2 + 6*u - 3. Let a be c(-19). Suppose -a + 4526 = 10*r. What is the units digit of r?
6
Suppose 12*n + 9 = 69. Suppose n*c = 5*r - 145, 5*r + 2*c - 186 + 55 = 0. Let b(z) = 2*z**2 - 51*z - 12. What is the tens digit of b(r)?
6
Let j(p) = 2*p**2 + 17*p + 48. Let n be j(-4). What is the hundreds digit of (-8)/(-6) - (-6320)/n?
5
Let g be ((-3)/3)/((-1)/15) + 2. Suppose -2*u - 98 - 137 = -3*j, 559 = -5*u - 2*j. Let m = g - u. What is the tens digit of m?
3
Suppose -3*v = -3*o + 91083, -3*o - 58566 = -5*v - 149633. What is the units digit of o?
9
What is the thousands digit of 78/52*(-14)/3 + 2866?
2
What is the thousands digit of (-495)/990 + (-263974)/(-4)?
5
Let h(f) = -f**3 + 11*f**2 - 10*f - 5. Let v be h(10). Let m(q) be the second derivative of -17*q**3/6 - 11*q**2 + 3*q. What is the units digit of m(v)?
3
Let h = 8 + 16. Let o = 28 - h. Suppose 2*v - 481 = -3*x, o*x - 3*x - 147 = 2*v. What is the units digit of x?
7
Suppose -x - 3003 = -2*l, -6295 = 5*x - 4*l + 8690. Let v = -1781 - x. What is the units digit of v?
2
Suppose 2*t - 2*x = -1374, 3*t + 698 = -5*x - 1363. Let u = -475 - t. What is the hundreds digit of u?
2
Let m(z) = 14*z**3 - 51*z**2 + 326*z + 19. What is the thousands digit of m(6)?
3
Let s(r) = 258*r**2 + 10*r - 431. What is the units digit of s(-18)?
1
Let t(y) = 1531*y - 694. What is the units digit of t(4)?
0
Suppose 5*t = 3*g + 2*g - 30, 5*g = -3*t + 14. Suppose -8*k + 1044 = -g*k. Suppose -k = 62*m - 65*m. What is the tens digit of m?
8
Suppose 0 = -5*w + 4*v + 138797, 27763 = w - 10050*v + 10051*v. What is the ten thousands digit of w?
2
Suppose 310*p + 88*p - 1691814 = 1675266. What is the tens digit of p?
6
Let a be (3/3*-1)/((-6)/18). Suppose l + 4*v = 4*l - 1662, -1108 = -2*l + a*v. What is the units digit of l?
4
Let s(p) = 2*p**3 - 3*p**2 + p - 5. Let z be s(3). Suppose -z = -4*h + v, 3*v + 8 + 7 = 0. What is the tens digit of 8*h/220 - 1272/(-22)?
5
Let f(q) = -q**2 - 2*q + 3. Let s = -46 + 43. Let x be f(s). Suppose x = -2*z + 100 + 8. What is the tens digit of z?
5
Let w(b) = 7185*b - 961. What is the units digit of w(3)?
4
Let u(l) = 396*l - 106. Let p be u(8). Suppose -3*o - 5*a + 0*a + 1824 = 0, -5*o - a + p = 0. What is the units digit of o?
3
Let q(p) = -p**3 - 3*p**2 - 9*p - 11. Let f be q(-4). Suppose -53*c + f*c + 2544 = 0. What is the hundreds digit of c?
2
Let k(i) = -i**3 - 18*i - 2*i**2 - 11 + 0*i**3 - 17 - 15*i**2. Let s be k(-16). What is the tens digit of (-17)/s*(-11)/(77/28)?
1
Suppose -160 = -m - 4*m. Let r = m - 27. Suppose r*x - 303 = -l + 2*l, -4 = -2*l. What is the units digit of x?
1
Suppose 5*t - 71025 = -4*d, -2*d - 5 = -15. What is the units digit of t?
1
Suppose 0 = l - 225 + 1489. Let y = 2038 + l. What is the tens digit of y?
7
Let r = 6108 - -36. What is the tens digit of r?
4
What is the units digit of (-16191)/(-36)*(-180)/(-5)?
1
Suppose -124*j - 2829 = -127*j. Suppose -3*h + j = -1652. What is the units digit of h?
5
Suppose 6*c = 2*c + 12. Suppose c*l - l = 3*o - 3, 5*o - 3*l - 6 = 0. Suppose -4*g = 4*s - 356, 0*s - o*s = -4*g - 260. What is the units digit of s?
8
Let d = -23 + -1. Let g = -16 - d. Suppose 1368 = s + g*s. What is the units digit of s?
2
Let a(i) = 44*i - 165. Let w(u) = -45*u + 160. Let b(k) = 3*a(k) + 2*w(k). What is the thousands digit of b(30)?
1
What is the thousands digit of 5737/(8 - 28/4)?
5
Suppose 15*z + 4 = 17*z. Suppose z*v + 9 = -4*j + 49, -4*v + 92 = 5*j. What is the tens digit of v?
2
Let g(i) = 21*i**2 - 219*i + 2627. What is the units digit of g(15)?
7
Let q be (918/(-6 + 3))/(0 + -1). Let a = q - 118. What is the units digit of a?
8
Let r(n) = -n**2 + 36*n - 77. Let c be r(11). Let a = c - 125. What is the units digit of a?
3
Suppose 0 = -2*c - 7*t + 2*t + 3316, -3*c + 2*t + 4974 = 0. What is the thousands digit of c?
1
Suppose -18*d = 4*r - 13*d - 4120, -5*r - d + 5129 = 0. What is the hundreds digit of r?
0
Let x = -8885 + 23737. What is the ten thousands digit of x?
1
Let h(s) = 13*s**3 - s**2 + 134*s - 267. Let i be h(2). Let t be (-1 - (-4 + 0)) + 1. Let g = t + i. What is the units digit of g?
5
Let n = -135 + 167. What is the tens digit of -20*4/(n/(-60))?
5
Let g = -1656 - -2936. Suppose 50*p - 45*p = g. What is the hundreds digit of p?
2
Let q = 2 - -2. Suppose 2*p - p + 16 = -2*t, 2*t + 34 = -q*p. What is the units digit of (-968)/(-20) + p/15?
8
Let j be (2 - 0 - 28)*(-77)/(-2). Let c = -528 - j. What is the tens digit of c?
7
Let l(b) = 4*b**3 + 5*b**2 + 2*b + 5. Let v be l(5). Suppose 0*m = 2*n + 5*m - 275, -5*n + v = 3*m. What is the units digit of n?
5
Let k be (8 - 4)/(2/(-4)*2). Let i(b) = -75*b + 5. Let c be i(k). Suppose 0*d + 5*d = c. What is the tens digit of d?
6
Let w = -3518 - -11420. What is the units digit of w?
2
Let l be (-14)/(-91) + ((-103892)/(-26))/1. Suppose -l = -31*h + 13705. What is the tens digit of h?
7
Suppose 4*o - 5*y = -y - 16, 0 = 2*o - 4*y + 18. Let s(l) = 19*l + 1. Let w be s(o). Suppose -65 = w*g - 25*g. What is the units digit of g?
3
Suppose 5*h - s - 25 = 0, -10*s - 20 = -4*h - 11*s. Suppose -4*f + 3*o = -734, -h*f + 4*o - 555 = -1472. Suppose -4*m = -95 - f. What is the units digit of m?
0
Suppose -3*g = -10*g + 1267. Suppose 2*f = 95 + 69. Let r = g - f. What is the tens digit of r?
9
Let a = 99 + -105. Let d be (-195)/(-45) - (-2)/a. Suppose 0*f - 2*f - 2*w + 92 = 0, -d*w = -f + 21. What is the tens digit of f?
4
Let t(v) = -14*v + 1627 - v**2 + 0*v**2 - 1656 + 35*v. What is the units digit of t(16)?
1
Suppose 2*w - 2*c - 59430 = 66060, -w - 5*c + 62787 = 0. What is the thousands digit of w?
2
Suppose 5*w + 26 = -2*x - 37, x = -4*w - 48. Let l = -7 - w. What is the units digit of (-680)/(-8) - l/(-1)?
9
Let r = -6763 - -9498. What is the tens digit of r?
3
Suppose -2*z = 6*f - 7*f + 22703, z = f - 22702. What is the tens digit of f?
0
What is the units digit of 452085/(-2040)*-8 - (-4)/34?
3
Let g(r) = -131. Let a(j) = j + 392. Let u(h) = -4*a(h) - 14*g(h). What is the hundreds digit of u(-20)?
3
Let y(g) = 220*g - 42. Let v(q) = -222*q + 42. Let c(i) = 6*v(i) + 5*y(i). What is the tens digit of c(-2)?
0
Let c(l) = 4*l**2 + 18*l - 10. Let y be c(7). Let u = 1368 - y. What is the tens digit of u?
5
Let z(q) = 2*q**3 - 3*q**2 - q + 1. Let y be z(-1). What is the hundreds digit of 1*(-8 - y) - (-128)/1?
1
Let h be (-3)/(-6) + 1 - 123/2. Let o = h - -67. Let d(g) = -g**3 + 9*g**2 - 6*g + 1. What is the units digit of d(o)?
7
What is the units digit of ((-85)/255)/((-1)/1884)?
8
What is the thousands digit of 13 - (-6 - 23454)/15?
1
Let f = 6672 - 6358. What is the units digit of f?
4
Let m be (-203)/21 + 9 + 4/6. Suppose -2*g + 4 = -2*o, 5*g - 2*o - 14 = -4. What is the tens digit of -2 + 0 + g + (m - -103)?
0
Suppose 2*y - 5*s = 3, 3*s + 2*s = 5*y + 15. Let b be ((-880)/y -